{"id":165,"date":"2010-06-04T09:09:20","date_gmt":"2010-06-04T09:09:20","guid":{"rendered":"http:\/\/mxhoch3.de\/?page_id=165"},"modified":"2010-07-03T17:42:18","modified_gmt":"2010-07-03T17:42:18","slug":"angebote-fur-konditionstraining","status":"publish","type":"page","link":"http:\/\/mxhoch3.de\/?page_id=165","title":{"rendered":"Angebote f\u00fcr Konditionstraining"},"content":{"rendered":"<table id=\"AutoNumber2\" border=\"0\" cellspacing=\"0\" cellpadding=\"0\" width=\"100%\" bordercolor=\"#111111\">\n<tbody>\n<tr>\n<td width=\"21%\" valign=\"top\">Angebot K 1:<\/td>\n<td width=\"79%\">Feststellung Deines          Konditionslevelspers\u00f6nlicher Ausdauer- und Krafttrainingsplan f\u00fcr<strong> 1 Monat<\/strong> mit 2w\u00f6chiger         Trainingsplanerneuerung<\/td>\n<\/tr>\n<tr>\n<td width=\"21%\"><\/td>\n<td width=\"79%\"><span style=\"color: #f5a300;\">40\u20ac (+ km-Pauschale* )<\/span><\/td>\n<\/tr>\n<\/tbody>\n<\/table>\n<table id=\"AutoNumber3\" border=\"0\" cellspacing=\"0\" cellpadding=\"0\" width=\"100%\" bordercolor=\"#111111\">\n<tbody>\n<tr>\n<td width=\"21%\" valign=\"top\">Angebot K 2:<\/td>\n<td width=\"79%\">Feststellung Deines          Konditionslevelspers\u00f6nlicher Ausdauer- und Krafttrainingsplan f\u00fcr <strong>3 Monate <\/strong>mit  2w\u00f6chiger         Trainingsplanerneuerung<\/td>\n<\/tr>\n<tr>\n<td width=\"21%\"><\/td>\n<td width=\"79%\"><span style=\"color: #f5a300;\">110\u20ac ( +         km-Pauschale* )<\/span><\/td>\n<\/tr>\n<\/tbody>\n<\/table>\n<table id=\"AutoNumber4\" border=\"0\" cellspacing=\"0\" cellpadding=\"0\" width=\"100%\" bordercolor=\"#111111\">\n<tbody>\n<tr>\n<td width=\"21%\" valign=\"top\">Angebot K 3:<\/td>\n<td width=\"79%\">Feststellung Deines          Konditionslevelspers\u00f6nlicher Ausdauer- und Krafttrainingsplan f\u00fcr <strong>6 Monate <\/strong>mit  2w\u00f6chiger         Trainingsplanerneuerung<\/td>\n<\/tr>\n<tr>\n<td width=\"21%\"><\/td>\n<td width=\"79%\"><span style=\"color: #f5a300;\">200\u20ac ( +         km-Pauschale* )<\/span><\/td>\n<\/tr>\n<\/tbody>\n<\/table>\n<p><span>Bei den Angeboten handelt es sich um  die     Erstellung Deines eigenen Trainingsplanes, welcher\u00a0 nach Deiner  bereits     vorhandenen Kondition erstellt wird.\u00a0 Nach Erfolg des Trainings wird  der     Pl<\/span><span>an umgestellt und verbessert  .     Alle 2 Wochen treffen wir uns um Erfolge auszuwerten und die neuen  \u00dcbungen zu     besprechen.\u00a0<a href=\"http:\/\/mxhoch3.de\/wp-content\/uploads\/2010\/06\/stefan_sport2.gif\" rel=\"lightbox[165]\"><br \/>\n<\/a><\/span><\/p>\n<p><span style=\"color: #f5a300;\">*tritt nur in Kraft,  wenn der     Treffpunkt au\u00dferhalb von Trebra liegt<\/span><\/p>\n<p><span style=\"color: #f5a300;\"><br \/>\n<\/span><\/p>\n","protected":false},"excerpt":{"rendered":"<p>Angebot K 1: Feststellung Deines Konditionslevelspers\u00f6nlicher Ausdauer- und Krafttrainingsplan f\u00fcr 1 Monat mit 2w\u00f6chiger Trainingsplanerneuerung 40\u20ac (+ km-Pauschale* ) Angebot K 2: Feststellung Deines Konditionslevelspers\u00f6nlicher Ausdauer- und Krafttrainingsplan f\u00fcr 3 Monate mit 2w\u00f6chiger Trainingsplanerneuerung 110\u20ac ( + km-Pauschale* ) Angebot K 3: Feststellung Deines Konditionslevelspers\u00f6nlicher Ausdauer- und Krafttrainingsplan f\u00fcr 6 Monate mit 2w\u00f6chiger Trainingsplanerneuerung 200\u20ac [&hellip;]<\/p>\n","protected":false},"author":2,"featured_media":0,"parent":2,"menu_order":4,"comment_status":"closed","ping_status":"closed","template":"page_with_sidebar.php","meta":{"_mc_calendar":[]},"_links":{"self":[{"href":"http:\/\/mxhoch3.de\/index.php?rest_route=\/wp\/v2\/pages\/165"}],"collection":[{"href":"http:\/\/mxhoch3.de\/index.php?rest_route=\/wp\/v2\/pages"}],"about":[{"href":"http:\/\/mxhoch3.de\/index.php?rest_route=\/wp\/v2\/types\/page"}],"author":[{"embeddable":true,"href":"http:\/\/mxhoch3.de\/index.php?rest_route=\/wp\/v2\/users\/2"}],"replies":[{"embeddable":true,"href":"http:\/\/mxhoch3.de\/index.php?rest_route=%2Fwp%2Fv2%2Fcomments&post=165"}],"version-history":[{"count":15,"href":"http:\/\/mxhoch3.de\/index.php?rest_route=\/wp\/v2\/pages\/165\/revisions"}],"predecessor-version":[{"id":294,"href":"http:\/\/mxhoch3.de\/index.php?rest_route=\/wp\/v2\/pages\/165\/revisions\/294"}],"up":[{"embeddable":true,"href":"http:\/\/mxhoch3.de\/index.php?rest_route=\/wp\/v2\/pages\/2"}],"wp:attachment":[{"href":"http:\/\/mxhoch3.de\/index.php?rest_route=%2Fwp%2Fv2%2Fmedia&parent=165"}],"curies":[{"name":"wp","href":"https:\/\/api.w.org\/{rel}","templated":true}]}}