{"id":2166,"date":"2018-11-29T18:10:12","date_gmt":"2018-11-29T18:10:12","guid":{"rendered":"http:\/\/mxhoch3.de\/?page_id=2166"},"modified":"2020-01-13T12:16:07","modified_gmt":"2020-01-13T12:16:07","slug":"saisonvorbereitung-in-italien","status":"publish","type":"page","link":"http:\/\/mxhoch3.de\/?page_id=2166","title":{"rendered":"6 Tage Saisonvorbereitung in Italien 2020"},"content":{"rendered":"<p><img loading=\"lazy\" class=\"alignright size-medium wp-image-2169\" src=\"http:\/\/mxhoch3.de\/wp-content\/uploads\/2018\/11\/cremona_gross-300x65.jpg\" alt=\"\" width=\"300\" height=\"65\" srcset=\"http:\/\/mxhoch3.de\/wp-content\/uploads\/2018\/11\/cremona_gross-300x65.jpg 300w, http:\/\/mxhoch3.de\/wp-content\/uploads\/2018\/11\/cremona_gross-768x166.jpg 768w, http:\/\/mxhoch3.de\/wp-content\/uploads\/2018\/11\/cremona_gross-1024x221.jpg 1024w\" sizes=\"(max-width: 300px) 100vw, 300px\" \/>JA ganz genau, wenn viele in das weite Spanien fahren, gehen wir gleich um die Ecke nach Italien.\u00a0 6 Tage die wir durchtrainieren werden, nur 1 Tag als Ruhetag m\u00fcssen wir einlegen. Unsere Trainingsinhalte werden vor Ort an die Teilnehmer angepasst, so das jeder <a href=\"http:\/\/mxhoch3.de\/wp-content\/uploads\/2010\/08\/Pro-School_alleine-schwarz.jpg\" rel=\"lightbox[2166]\"><img loading=\"lazy\" class=\"alignright size-medium wp-image-352\" src=\"http:\/\/mxhoch3.de\/wp-content\/uploads\/2010\/08\/Pro-School_alleine-schwarz-300x85.jpg\" alt=\"mx3 f\u00fcr startseite\" width=\"300\" height=\"85\" srcset=\"http:\/\/mxhoch3.de\/wp-content\/uploads\/2010\/08\/Pro-School_alleine-schwarz-300x85.jpg 300w, http:\/\/mxhoch3.de\/wp-content\/uploads\/2010\/08\/Pro-School_alleine-schwarz-1024x291.jpg 1024w\" sizes=\"(max-width: 300px) 100vw, 300px\" \/><\/a>gefordert wird, aber nicht \u00fcberfordert wird. Wir planen in erster Linie Strecken wie Mantova, Canneto, Rivarolo Mantovano und Cremona anfahren, weil die Strucktur zum Teil wie WC\/Dusche\/Strom\/Internet\/Kinderstrecke vorhanden ist. Abends wird gleich vor Ort die Videoauswertung gemacht um am n\u00e4chsten Tag gleich alles umsetzten zu k\u00f6nnen, das ein st\u00e4ndger Fortschritt zu sehen ist!<img loading=\"lazy\" class=\"alignright size-medium wp-image-2189\" src=\"http:\/\/mxhoch3.de\/wp-content\/uploads\/2019\/01\/DSC_4648-300x169.jpg\" alt=\"\" width=\"300\" height=\"169\" srcset=\"http:\/\/mxhoch3.de\/wp-content\/uploads\/2019\/01\/DSC_4648-300x169.jpg 300w, http:\/\/mxhoch3.de\/wp-content\/uploads\/2019\/01\/DSC_4648-768x432.jpg 768w, http:\/\/mxhoch3.de\/wp-content\/uploads\/2019\/01\/DSC_4648-1024x576.jpg 1024w\" sizes=\"(max-width: 300px) 100vw, 300px\" \/><\/p>\n<p>Das Training ist extra f\u00fcr die Ferienzeit der Bayern und Baden W\u00fcrtenberger gerichtet.<\/p>\n<p>Da es keine &#8222;gut Wetter&#8220; Garantie gibt, wird es eine Ausweichm\u00f6glichkeit geben, diese wird in der N\u00e4he von Genua oder Faenza sein, also mehr an der K\u00fcste mit w\u00e4rmeren Wetter. Das wird aber alles kurz vorher entschieden wo wir sind, denn wir wollen ja das beste Training f\u00fcr euch.<\/p>\n<p>Im Falle das kein Training stattfinden kann, wird der Lehrgangsbetrag zur\u00fcck\u00fcberwiesen.<\/p>\n<p>Preis 6 Tage 280\u20ac exklusive Strecken\/Campinggeb\u00fchr<img loading=\"lazy\" class=\"alignright size-medium wp-image-2187\" src=\"http:\/\/mxhoch3.de\/wp-content\/uploads\/2019\/01\/DSC_4567-300x169.jpg\" alt=\"\" width=\"300\" height=\"169\" srcset=\"http:\/\/mxhoch3.de\/wp-content\/uploads\/2019\/01\/DSC_4567-300x169.jpg 300w, http:\/\/mxhoch3.de\/wp-content\/uploads\/2019\/01\/DSC_4567-768x432.jpg 768w, http:\/\/mxhoch3.de\/wp-content\/uploads\/2019\/01\/DSC_4567-1024x576.jpg 1024w\" sizes=\"(max-width: 300px) 100vw, 300px\" \/><\/p>\n<p>Termin 23. bis 28.Februar 2020<\/p>\n<p>&gt;&gt;&gt;hier geht es zur Anmeldung&lt;&lt;&lt;\u00a0 erstmal ausgebucht!!!<\/p>\n<p>ride on<\/p>\n<p>Stefan<\/p>\n","protected":false},"excerpt":{"rendered":"<p>JA ganz genau, wenn viele in das weite Spanien fahren, gehen wir gleich um die Ecke nach Italien.\u00a0 6 Tage die wir durchtrainieren werden, nur 1 Tag als Ruhetag m\u00fcssen wir einlegen. Unsere Trainingsinhalte werden vor Ort an die Teilnehmer angepasst, so das jeder gefordert wird, aber nicht \u00fcberfordert wird. Wir planen in erster Linie [&hellip;]<\/p>\n","protected":false},"author":2,"featured_media":0,"parent":0,"menu_order":0,"comment_status":"closed","ping_status":"closed","template":"page_with_sidebar.php","meta":{"_mc_calendar":[]},"_links":{"self":[{"href":"http:\/\/mxhoch3.de\/index.php?rest_route=\/wp\/v2\/pages\/2166"}],"collection":[{"href":"http:\/\/mxhoch3.de\/index.php?rest_route=\/wp\/v2\/pages"}],"about":[{"href":"http:\/\/mxhoch3.de\/index.php?rest_route=\/wp\/v2\/types\/page"}],"author":[{"embeddable":true,"href":"http:\/\/mxhoch3.de\/index.php?rest_route=\/wp\/v2\/users\/2"}],"replies":[{"embeddable":true,"href":"http:\/\/mxhoch3.de\/index.php?rest_route=%2Fwp%2Fv2%2Fcomments&post=2166"}],"version-history":[{"count":10,"href":"http:\/\/mxhoch3.de\/index.php?rest_route=\/wp\/v2\/pages\/2166\/revisions"}],"predecessor-version":[{"id":2348,"href":"http:\/\/mxhoch3.de\/index.php?rest_route=\/wp\/v2\/pages\/2166\/revisions\/2348"}],"wp:attachment":[{"href":"http:\/\/mxhoch3.de\/index.php?rest_route=%2Fwp%2Fv2%2Fmedia&parent=2166"}],"curies":[{"name":"wp","href":"https:\/\/api.w.org\/{rel}","templated":true}]}}