{"id":4118,"date":"2026-08-28T11:20:27","date_gmt":"2026-08-28T11:20:27","guid":{"rendered":"http:\/\/mxhoch3.de\/?page_id=4118"},"modified":"2026-08-28T11:57:56","modified_gmt":"2026-08-28T11:57:56","slug":"herbstcamp-in-schweinfurt","status":"publish","type":"page","link":"http:\/\/mxhoch3.de\/?page_id=4118","title":{"rendered":"3 Tage Herbstcamp in Schweinfurt"},"content":{"rendered":"<p><a href=\"http:\/\/mxhoch3.de\/wp-content\/uploads\/2026\/08\/image1.jpeg\" rel=\"lightbox[4118]\"><img loading=\"lazy\" class=\"size-medium wp-image-4121 alignleft\" src=\"http:\/\/mxhoch3.de\/wp-content\/uploads\/2026\/08\/image1-225x300.jpeg\" alt=\"\" width=\"225\" height=\"300\" srcset=\"http:\/\/mxhoch3.de\/wp-content\/uploads\/2026\/08\/image1-225x300.jpeg 225w, http:\/\/mxhoch3.de\/wp-content\/uploads\/2026\/08\/image1-768x1024.jpeg 768w, http:\/\/mxhoch3.de\/wp-content\/uploads\/2026\/08\/image1.jpeg 960w\" sizes=\"(max-width: 225px) 100vw, 225px\" \/><\/a>Dieses Jahr gehen wir zu den Bayrischen Herbstferien nach Schweinfurt mit unserem Herbstcamp. Die Strecke geht noch super zu fahren, wenn es mal etwas nasser ist. Leicht im Tal liegend haben wir Bergauf und Abfahrten, Anlieger Kurven, flache Kurven, Spurrinnen und auch Spr\u00fcnge. Das Herbstcamp ist daf\u00fcr gedacht, um nach der Saison die Technik wieder zu verbesser. Die verbesserte Technik kann man dann \u00fcber den Winter trainieren . Also f\u00fcr jeden perfekt, der sich verbessern m\u00f6chte. Es ist f\u00fcr jeden gedacht, egal ob jung oder alt, ob klein oder gro\u00df.<\/p>\n<p>Der Lehrgang findet vom 3. bis 5. November 2026 in Schweinfurt statt. Er kostet 210\u20ac. Die Streckenkosten sind 60\u20ac f\u00fcr die 3 Tage. Vereinsfahrer mit Saisonkarte zahlen keine Streckengeb\u00fchr!<a href=\"http:\/\/mxhoch3.de\/wp-content\/uploads\/2026\/08\/image2.jpeg\" rel=\"lightbox[4118]\"><img loading=\"lazy\" class=\"size-medium wp-image-4123 alignright\" src=\"http:\/\/mxhoch3.de\/wp-content\/uploads\/2026\/08\/image2-225x300.jpeg\" alt=\"\" width=\"225\" height=\"300\" srcset=\"http:\/\/mxhoch3.de\/wp-content\/uploads\/2026\/08\/image2-225x300.jpeg 225w, http:\/\/mxhoch3.de\/wp-content\/uploads\/2026\/08\/image2-768x1024.jpeg 768w, http:\/\/mxhoch3.de\/wp-content\/uploads\/2026\/08\/image2.jpeg 960w\" sizes=\"(max-width: 225px) 100vw, 225px\" \/><\/a><\/p>\n<p>Der Verein bietet Dixis. Strom kann gegen eine Geb\u00fchr von 5\u20ac\/Tag auch genutzt werden!<\/p>\n<p><a href=\"https:\/\/forms.gle\/SprD2LwPGtVfWfpN9\">&gt;&gt;&gt;hier geht es zur Anmldung&lt;&lt;&lt;<\/a><\/p>\n<p>viel Spa\u00df beim anmelden<\/p>\n<p>Euer STEFAN<\/p>\n","protected":false},"excerpt":{"rendered":"<p>Dieses Jahr gehen wir zu den Bayrischen Herbstferien nach Schweinfurt mit unserem Herbstcamp. Die Strecke geht noch super zu fahren, wenn es mal etwas nasser ist. Leicht im Tal liegend haben wir Bergauf und Abfahrten, Anlieger Kurven, flache Kurven, Spurrinnen und auch Spr\u00fcnge. Das Herbstcamp ist daf\u00fcr gedacht, um nach der Saison die Technik wieder [&hellip;]<\/p>\n","protected":false},"author":2,"featured_media":0,"parent":0,"menu_order":0,"comment_status":"closed","ping_status":"closed","template":"page_with_sidebar.php","meta":{"_mc_calendar":[]},"_links":{"self":[{"href":"http:\/\/mxhoch3.de\/index.php?rest_route=\/wp\/v2\/pages\/4118"}],"collection":[{"href":"http:\/\/mxhoch3.de\/index.php?rest_route=\/wp\/v2\/pages"}],"about":[{"href":"http:\/\/mxhoch3.de\/index.php?rest_route=\/wp\/v2\/types\/page"}],"author":[{"embeddable":true,"href":"http:\/\/mxhoch3.de\/index.php?rest_route=\/wp\/v2\/users\/2"}],"replies":[{"embeddable":true,"href":"http:\/\/mxhoch3.de\/index.php?rest_route=%2Fwp%2Fv2%2Fcomments&post=4118"}],"version-history":[{"count":5,"href":"http:\/\/mxhoch3.de\/index.php?rest_route=\/wp\/v2\/pages\/4118\/revisions"}],"predecessor-version":[{"id":4127,"href":"http:\/\/mxhoch3.de\/index.php?rest_route=\/wp\/v2\/pages\/4118\/revisions\/4127"}],"wp:attachment":[{"href":"http:\/\/mxhoch3.de\/index.php?rest_route=%2Fwp%2Fv2%2Fmedia&parent=4118"}],"curies":[{"name":"wp","href":"https:\/\/api.w.org\/{rel}","templated":true}]}}

<p><a href="http://mxhoch3.de/wp-content/uploads/2026/08/image1.jpeg" rel="lightbox[4118]"><img loading="lazy" class="size-medium wp-image-4121 alignleft" src="http://mxhoch3.de/wp-content/uploads/2026/08/image1-225x300.jpeg" alt="" width="225" height="300" srcset="http://mxhoch3.de/wp-content/uploads/2026/08/image1-225x300.jpeg 225w, http://mxhoch3.de/wp-content/uploads/2026/08/image1-768x1024.jpeg 768w, http://mxhoch3.de/wp-content/uploads/2026/08/image1.jpeg 960w" sizes="(max-width: 225px) 100vw, 225px" /></a>Dieses Jahr gehen wir zu den Bayrischen Herbstferien nach Schweinfurt mit unserem Herbstcamp. Die Strecke geht noch super zu fahren, wenn es mal etwas nasser ist. Leicht im Tal liegend haben wir Bergauf und Abfahrten, Anlieger Kurven, flache Kurven, Spurrinnen und auch Sprünge. Das Herbstcamp ist dafür gedacht, um nach der Saison die Technik wieder zu verbesser. Die verbesserte Technik kann man dann über den Winter trainieren . Also für jeden perfekt, der sich verbessern möchte. Es ist für jeden gedacht, egal ob jung oder alt, ob klein oder groß.</p>
<p>Der Lehrgang findet vom 3. bis 5. November 2026 in Schweinfurt statt. Er kostet 210€. Die Streckenkosten sind 60€ für die 3 Tage. Vereinsfahrer mit Saisonkarte zahlen keine Streckengebühr!<a href="http://mxhoch3.de/wp-content/uploads/2026/08/image2.jpeg" rel="lightbox[4118]"><img loading="lazy" class="size-medium wp-image-4123 alignright" src="http://mxhoch3.de/wp-content/uploads/2026/08/image2-225x300.jpeg" alt="" width="225" height="300" srcset="http://mxhoch3.de/wp-content/uploads/2026/08/image2-225x300.jpeg 225w, http://mxhoch3.de/wp-content/uploads/2026/08/image2-768x1024.jpeg 768w, http://mxhoch3.de/wp-content/uploads/2026/08/image2.jpeg 960w" sizes="(max-width: 225px) 100vw, 225px" /></a></p>
<p>Der Verein bietet Dixis. Strom kann gegen eine Gebühr von 5€/Tag auch genutzt werden!</p>
<p><a href="https://forms.gle/SprD2LwPGtVfWfpN9">&gt;&gt;&gt;hier geht es zur Anmldung&lt;&lt;&lt;</a></p>
<p>viel Spaß beim anmelden</p>
<p>Euer STEFAN</p>

<p>Dieses Jahr gehen wir zu den Bayrischen Herbstferien nach Schweinfurt mit unserem Herbstcamp. Die Strecke geht noch super zu fahren, wenn es mal etwas nasser ist. Leicht im Tal liegend haben wir Bergauf und Abfahrten, Anlieger Kurven, flache Kurven, Spurrinnen und auch Sprünge. Das Herbstcamp ist dafür gedacht, um nach der Saison die Technik wieder [&hellip;]</p>
