{"id":1776,"date":"2016-10-31T19:04:27","date_gmt":"2016-10-31T19:04:27","guid":{"rendered":"http:\/\/mxhoch3.de\/?page_id=1776"},"modified":"2021-10-30T10:26:54","modified_gmt":"2021-10-30T10:26:54","slug":"trainingslager-zum-jahreswechsel-in-italien","status":"publish","type":"page","link":"https:\/\/mxhoch3.de\/?page_id=1776","title":{"rendered":"Weihnachtslehrgang in Italien"},"content":{"rendered":"<p><a href=\"http:\/\/mxhoch3.de\/wp-content\/uploads\/2016\/10\/cremona_gross.jpg\" rel=\"lightbox[1776]\"><img loading=\"lazy\" class=\"alignright size-medium wp-image-1779\" src=\"http:\/\/mxhoch3.de\/wp-content\/uploads\/2016\/10\/cremona_gross-300x64.jpg\" alt=\"cremona_gross\" width=\"300\" height=\"64\" srcset=\"https:\/\/mxhoch3.de\/wp-content\/uploads\/2016\/10\/cremona_gross-300x64.jpg 300w, https:\/\/mxhoch3.de\/wp-content\/uploads\/2016\/10\/cremona_gross-1024x221.jpg 1024w, https:\/\/mxhoch3.de\/wp-content\/uploads\/2016\/10\/cremona_gross-96x20.jpg 96w, https:\/\/mxhoch3.de\/wp-content\/uploads\/2016\/10\/cremona_gross-38x8.jpg 38w, https:\/\/mxhoch3.de\/wp-content\/uploads\/2016\/10\/cremona_gross-425x91.jpg 425w, https:\/\/mxhoch3.de\/wp-content\/uploads\/2016\/10\/cremona_gross-128x27.jpg 128w\" sizes=\"(max-width: 300px) 100vw, 300px\" \/><\/a>JA ganz genau, wenn viele in das weite Spanien fahren, gehen wir gleich um die Ecke nach Italien. 5 Tage werden angeboten , weil ja die Sonne sehr fr\u00fch unter geht. Unsere Trainingsinhalte werden vor Ort an die Teilnehmer angepasst, so das jeder gefordert wird, aber nicht \u00fcberfordert wird. Wir heben exklusive\u00a0 Strecken f\u00fcr uns angemietet. Wir fangen Mntag und Dienstag in Medole an, Mittwoch bin ich noch am verhndeln mit Verolese oder wir machen Mittwoch einen Ruhetag, Donnerstag und Freitag fahren wir dann nch Canneto. Abends wird gleich vor Ort die Videoauswertung gemacht um am n\u00e4chsten Tag gleich alles umsetzten zu k\u00f6nnen, das ein st\u00e4ndger Fortschritt zu sehen ist! Ich versuche die Strecken f\u00fcr uns zu mieten um ein bestm\u00f6gliches Training anzubieten.<\/p>\n<p>Der Termin ist vom 27.12.2021 bis 31.12.2021, somit k\u00f6nnte Ihr eure Geschenke auspacken und die neuen Motorr\u00e4der mit zum Training bringen \ud83d\ude00<a href=\"http:\/\/mxhoch3.de\/wp-content\/uploads\/2010\/08\/Pro-School_alleine-schwarz.jpg\" rel=\"lightbox[1776]\"><img loading=\"lazy\" class=\"alignright size-medium wp-image-352\" src=\"http:\/\/mxhoch3.de\/wp-content\/uploads\/2010\/08\/Pro-School_alleine-schwarz-300x85.jpg\" alt=\"mx3 f\u00fcr startseite\" width=\"300\" height=\"85\" srcset=\"https:\/\/mxhoch3.de\/wp-content\/uploads\/2010\/08\/Pro-School_alleine-schwarz-300x85.jpg 300w, https:\/\/mxhoch3.de\/wp-content\/uploads\/2010\/08\/Pro-School_alleine-schwarz-1024x291.jpg 1024w\" sizes=\"(max-width: 300px) 100vw, 300px\" \/><\/a><\/p>\n<p>Da es keine &#8222;gut Wetter&#8220; Garantie gibt, werden wir uns bem\u00fchen andere Strecken f\u00fcr uns auswendig zu machen.<\/p>\n<p>Im Falle das kein Training stattfinden kann, wird der Lehrgangsbetrag zur\u00fcck\u00fcberwiesen.<\/p>\n<p>Preis 5 Tage 300\u20ac exklusive Strecken\/Campinggeb\u00fchr<\/p>\n<p>Termine:<\/p>\n<p>27. bis 31.12.2021<\/p>\n<p><a href=\"http:\/\/mxhoch3.de\/wp-content\/uploads\/2021\/10\/2021-Weihnachten-Italien.doc\">&gt;&gt;&gt;hier geht es zur Anmeldung&lt;&lt;&lt;<\/a><\/p>\n<p>ride on<\/p>\n<p>Stefan<\/p>\n<p>&nbsp;<\/p>\n<p>&nbsp;<\/p>\n<p>&nbsp;<\/p>\n","protected":false},"excerpt":{"rendered":"<p>JA ganz genau, wenn viele in das weite Spanien fahren, gehen wir gleich um die Ecke nach Italien. 5 Tage werden angeboten , weil ja die Sonne sehr fr\u00fch unter geht. Unsere Trainingsinhalte werden vor Ort an die Teilnehmer angepasst, so das jeder gefordert wird, aber nicht \u00fcberfordert wird. Wir heben exklusive\u00a0 Strecken f\u00fcr uns [&hellip;]<\/p>\n","protected":false},"author":2,"featured_media":0,"parent":0,"menu_order":0,"comment_status":"open","ping_status":"closed","template":"page_with_sidebar.php","meta":{"_mc_calendar":[]},"_links":{"self":[{"href":"https:\/\/mxhoch3.de\/index.php?rest_route=\/wp\/v2\/pages\/1776"}],"collection":[{"href":"https:\/\/mxhoch3.de\/index.php?rest_route=\/wp\/v2\/pages"}],"about":[{"href":"https:\/\/mxhoch3.de\/index.php?rest_route=\/wp\/v2\/types\/page"}],"author":[{"embeddable":true,"href":"https:\/\/mxhoch3.de\/index.php?rest_route=\/wp\/v2\/users\/2"}],"replies":[{"embeddable":true,"href":"https:\/\/mxhoch3.de\/index.php?rest_route=%2Fwp%2Fv2%2Fcomments&post=1776"}],"version-history":[{"count":17,"href":"https:\/\/mxhoch3.de\/index.php?rest_route=\/wp\/v2\/pages\/1776\/revisions"}],"predecessor-version":[{"id":3161,"href":"https:\/\/mxhoch3.de\/index.php?rest_route=\/wp\/v2\/pages\/1776\/revisions\/3161"}],"wp:attachment":[{"href":"https:\/\/mxhoch3.de\/index.php?rest_route=%2Fwp%2Fv2%2Fmedia&parent=1776"}],"curies":[{"name":"wp","href":"https:\/\/api.w.org\/{rel}","templated":true}]}}

<p><a href="http://mxhoch3.de/wp-content/uploads/2016/10/cremona_gross.jpg" rel="lightbox[1776]"><img loading="lazy" class="alignright size-medium wp-image-1779" src="http://mxhoch3.de/wp-content/uploads/2016/10/cremona_gross-300x64.jpg" alt="cremona_gross" width="300" height="64" srcset="https://mxhoch3.de/wp-content/uploads/2016/10/cremona_gross-300x64.jpg 300w, https://mxhoch3.de/wp-content/uploads/2016/10/cremona_gross-1024x221.jpg 1024w, https://mxhoch3.de/wp-content/uploads/2016/10/cremona_gross-96x20.jpg 96w, https://mxhoch3.de/wp-content/uploads/2016/10/cremona_gross-38x8.jpg 38w, https://mxhoch3.de/wp-content/uploads/2016/10/cremona_gross-425x91.jpg 425w, https://mxhoch3.de/wp-content/uploads/2016/10/cremona_gross-128x27.jpg 128w" sizes="(max-width: 300px) 100vw, 300px" /></a>JA ganz genau, wenn viele in das weite Spanien fahren, gehen wir gleich um die Ecke nach Italien. 5 Tage werden angeboten , weil ja die Sonne sehr früh unter geht. Unsere Trainingsinhalte werden vor Ort an die Teilnehmer angepasst, so das jeder gefordert wird, aber nicht überfordert wird. Wir heben exklusive  Strecken für uns angemietet. Wir fangen Mntag und Dienstag in Medole an, Mittwoch bin ich noch am verhndeln mit Verolese oder wir machen Mittwoch einen Ruhetag, Donnerstag und Freitag fahren wir dann nch Canneto. Abends wird gleich vor Ort die Videoauswertung gemacht um am nächsten Tag gleich alles umsetzten zu können, das ein ständger Fortschritt zu sehen ist! Ich versuche die Strecken für uns zu mieten um ein bestmögliches Training anzubieten.</p>
<p>Der Termin ist vom 27.12.2021 bis 31.12.2021, somit könnte Ihr eure Geschenke auspacken und die neuen Motorräder mit zum Training bringen 😀<a href="http://mxhoch3.de/wp-content/uploads/2010/08/Pro-School_alleine-schwarz.jpg" rel="lightbox[1776]"><img loading="lazy" class="alignright size-medium wp-image-352" src="http://mxhoch3.de/wp-content/uploads/2010/08/Pro-School_alleine-schwarz-300x85.jpg" alt="mx3 für startseite" width="300" height="85" srcset="https://mxhoch3.de/wp-content/uploads/2010/08/Pro-School_alleine-schwarz-300x85.jpg 300w, https://mxhoch3.de/wp-content/uploads/2010/08/Pro-School_alleine-schwarz-1024x291.jpg 1024w" sizes="(max-width: 300px) 100vw, 300px" /></a></p>
<p>Da es keine &#8222;gut Wetter&#8220; Garantie gibt, werden wir uns bemühen andere Strecken für uns auswendig zu machen.</p>
<p>Im Falle das kein Training stattfinden kann, wird der Lehrgangsbetrag zurücküberwiesen.</p>
<p>Preis 5 Tage 300€ exklusive Strecken/Campinggebühr</p>
<p>Termine:</p>
<p>27. bis 31.12.2021</p>
<p><a href="http://mxhoch3.de/wp-content/uploads/2021/10/2021-Weihnachten-Italien.doc">&gt;&gt;&gt;hier geht es zur Anmeldung&lt;&lt;&lt;</a></p>
<p>ride on</p>
<p>Stefan</p>
<p>&nbsp;</p>
<p>&nbsp;</p>
<p>&nbsp;</p>

<p>JA ganz genau, wenn viele in das weite Spanien fahren, gehen wir gleich um die Ecke nach Italien. 5 Tage werden angeboten , weil ja die Sonne sehr früh unter geht. Unsere Trainingsinhalte werden vor Ort an die Teilnehmer angepasst, so das jeder gefordert wird, aber nicht überfordert wird. Wir heben exklusive  Strecken für uns [&hellip;]</p>
