{"id":1996,"date":"2017-12-06T14:24:02","date_gmt":"2017-12-06T14:24:02","guid":{"rendered":"http:\/\/mxhoch3.de\/?page_id=1996"},"modified":"2026-03-26T13:21:14","modified_gmt":"2026-03-26T13:21:14","slug":"6-tage-sommercamp-2018-auf-ruegen","status":"publish","type":"page","link":"https:\/\/mxhoch3.de\/?page_id=1996","title":{"rendered":"6 Tage Sommercamp 2026 auf R\u00fcgen"},"content":{"rendered":"<p><a href=\"http:\/\/mxhoch3.de\/wp-content\/uploads\/2013\/05\/ruegen.jpg\" rel=\"lightbox[1996]\"><img loading=\"lazy\" src=\"http:\/\/mxhoch3.de\/wp-content\/uploads\/2013\/05\/ruegen-300x200.jpg\" alt=\"ruegen\" width=\"300\" height=\"200\" \/><\/a>Warum muss es Bergen auf R\u00fcgen sein, warum nicht woanders. Weil es einfach Sommer ist und jeder Urlaub hat oder haben m\u00f6chte. Schon alleine R\u00fcgen sagt Urlaub, Sonne und Entspannung aus, deswegen veranstalten wir in Bergen das Sommercamp 2026 dort. Zur Familie geh\u00f6ren auch die Frau und Tochter oder Geschwister, die dann die M\u00f6glichkeit haben, die nahegelegene Ostsee zu genie\u00dfen und ihre Sch\u00e4tze zu erleben. UND WIR k\u00f6nnen CROSSEN <img src=\"http:\/\/mxhoch3.de\/wp-includes\/images\/smilies\/icon_smile.gif\" alt=\":)\" \/> . 11 km bis zum Strand nach Pora an der Ostsee ist echt nicht viel. Jetzt aber zu den wichtigen Sachen: Wir<a href=\"http:\/\/mxhoch3.de\/wp-content\/uploads\/2024\/09\/IMG-20240727-WA0002.jpg\" rel=\"lightbox[1996]\"><img loading=\"lazy\" class=\"alignright size-medium wp-image-3783\" src=\"http:\/\/mxhoch3.de\/wp-content\/uploads\/2024\/09\/IMG-20240727-WA0002-225x300.jpg\" alt=\"\" width=\"225\" height=\"300\" srcset=\"https:\/\/mxhoch3.de\/wp-content\/uploads\/2024\/09\/IMG-20240727-WA0002-225x300.jpg 225w, https:\/\/mxhoch3.de\/wp-content\/uploads\/2024\/09\/IMG-20240727-WA0002-768x1024.jpg 768w, https:\/\/mxhoch3.de\/wp-content\/uploads\/2024\/09\/IMG-20240727-WA0002.jpg 926w\" sizes=\"(max-width: 225px) 100vw, 225px\" \/><\/a> haben die Strecke exklusiv f\u00fcr uns, Wasseranschluss und Strom sind auch vorhanden, sowie ein Waschplatz. Toiletten (Dixi), etwas zum Chemitoilette entsorgung,Bio-Chemie, M\u00fcllentsorgung und Duschen im Sanit\u00e4rgeb\u00e4ude sind auch vorhanden. Geplant ist wie letztes Jahr auch neben dem Lehrgang etwas zu bieten. Am Mittwoch Nachmittag und Donnerstag ist Ruhetag und die Kartbahn oder andere sch\u00f6ne Unternehmungen sorgen f\u00fcr die n\u00f6tige Abwechslung um gedanklich alles mal zu verarbeiten und am Freitag weiter Neues aufzunehmen! Trainiert wird Montag, Dienstag und Freitag von 9Uhr bis 18 Uhr und Mitwoch \/Samstag 9Uhr bis 13 Uhr k\u00f6nnen wir die Strecke unsicher machen. 2 Stunden Mittagspause m\u00fcssen aber eingehalten werden, was <a href=\"http:\/\/mxhoch3.de\/wp-content\/uploads\/2015\/10\/20150807_140304_resized.jpg\" rel=\"lightbox[1996]\"><img loading=\"lazy\" class=\"alignright\" src=\"http:\/\/mxhoch3.de\/wp-content\/uploads\/2015\/10\/20150807_140304_resized-300x168.jpg\" alt=\"20150807_140304_resized\" width=\"300\" height=\"168\" \/><\/a>uns aber die Kraft f\u00fcr den Nachmittag gibt.<\/p>\n<p>Das Training wird eurem Level angeglichen und in Gruppen im Wechsel trainiert. Pro Gruppe sollten es nicht mehr als 11 Teilnehmer sein, um auch auf jeden einzelnen Teilnehmer richtig eingehen zu k\u00f6nnen! Genauso wird drauf geachtet, dass Ihr nicht an euer konditionelles Limit geht und nach dem ersten Tag schlapp macht! Es wird von Grund auf kontrolliert, dass ihr die richtige Postion auf den Motorrad habt, um von da aus mehr an eurer Technik zu feilen. 6 Tage sind nach Meinung der Teilnehmer die beste L\u00e4nge um was zu lernen und es wurden dort die besten Erfolge bei jedem festgestellt.<\/p>\n<p>Zielgruppe sind Kinder, Judendliche und Erwachsene, weil wir ja auf mehrere Gruppen hoffen und das Level besser anzugleichen.<\/p>\n<p><a href=\"http:\/\/mxhoch3.de\/wp-content\/uploads\/2024\/09\/IMG-20240727-WA0001.jpg\" rel=\"lightbox[1996]\"><img loading=\"lazy\" class=\"size-medium wp-image-3781 alignleft\" src=\"http:\/\/mxhoch3.de\/wp-content\/uploads\/2024\/09\/IMG-20240727-WA0001-300x225.jpg\" alt=\"\" width=\"300\" height=\"225\" srcset=\"https:\/\/mxhoch3.de\/wp-content\/uploads\/2024\/09\/IMG-20240727-WA0001-300x225.jpg 300w, https:\/\/mxhoch3.de\/wp-content\/uploads\/2024\/09\/IMG-20240727-WA0001-1024x768.jpg 1024w, https:\/\/mxhoch3.de\/wp-content\/uploads\/2024\/09\/IMG-20240727-WA0001-768x576.jpg 768w, https:\/\/mxhoch3.de\/wp-content\/uploads\/2024\/09\/IMG-20240727-WA0001-1536x1152.jpg 1536w, https:\/\/mxhoch3.de\/wp-content\/uploads\/2024\/09\/IMG-20240727-WA0001.jpg 1600w\" sizes=\"(max-width: 300px) 100vw, 300px\" \/><\/a>Bei erh\u00f6hter Teilnehmerzahl wird noch ein zweiter Trainer dazu genommen um das Trainingsniveau zu halten.<\/p>\n<p><strong>Kosten belaufen sich auf 330\u20ac<\/strong>, inklusive Training, Fahrerlager, Erlebnismittwoch und Kleinigkeiten. Exkusiv sind Strom, Wasser, Strecke und Co-Trainer, hier wird die Pauschale von <strong>220\u20ac vor Ort in Bar<\/strong> eingesammelt.<\/p>\n<p>\u00c4nderungen:<\/p>\n<p><a href=\"http:\/\/mxhoch3.de\/wp-content\/uploads\/2024\/09\/20240724_115123-scaled.jpg\" rel=\"lightbox[1996]\"><img loading=\"lazy\" class=\"alignleft size-medium wp-image-3782\" src=\"http:\/\/mxhoch3.de\/wp-content\/uploads\/2024\/09\/20240724_115123-300x225.jpg\" alt=\"\" width=\"300\" height=\"225\" srcset=\"https:\/\/mxhoch3.de\/wp-content\/uploads\/2024\/09\/20240724_115123-300x225.jpg 300w, https:\/\/mxhoch3.de\/wp-content\/uploads\/2024\/09\/20240724_115123-1024x768.jpg 1024w, https:\/\/mxhoch3.de\/wp-content\/uploads\/2024\/09\/20240724_115123-768x576.jpg 768w, https:\/\/mxhoch3.de\/wp-content\/uploads\/2024\/09\/20240724_115123-1536x1152.jpg 1536w, https:\/\/mxhoch3.de\/wp-content\/uploads\/2024\/09\/20240724_115123-2048x1536.jpg 2048w\" sizes=\"(max-width: 300px) 100vw, 300px\" \/><\/a>&#8211; keine Extra Kosten f\u00fcr Begleitpersonen<\/p>\n<p>&#8211; insgesamt 6 Tage um mehr Spielraum zu haben bei schlechten Wetter<\/p>\n<p>&#8211; Streckenbew\u00e4sserung wird von Stefan organisiert\/ bessere Bew\u00e4sserung<\/p>\n<p>&#8211; Entleerung der Toiletten wird von Stefan organisiert\/ bessere Hygiene<\/p>\n<p>-Video-Auswertung abends Montag\/Dienstag\/Freitag<\/p>\n<p>Termine f\u00fcr 2026:<\/p>\n<p>&nbsp;<\/p>\n<p>27.7. bis 1.8. \u00a0\u00a0\u00a0\u00a0\u00a0\u00a0 R\u00fcgen &#8222;Der Erste&#8220;\u00a0\u00a0\u00a0 <a href=\"https:\/\/forms.gle\/dLrEzqbPMupoRkw17\">&gt;&gt;&gt;hier geht es zur Anmeldung&lt;&lt;&lt;\u00a0<\/a><\/p>\n<p>&nbsp;<\/p>\n<p>3.8. bis 8.8. \u00a0 \u00a0\u00a0\u00a0\u00a0\u00a0 R\u00fcgen &#8222;Der Zweite&#8220;\u00a0 <a href=\"https:\/\/forms.gle\/SVAEdyGBa34i2NMb7\">&gt;&gt;&gt;hier geht es zur Anmeldung&lt;&lt;&lt;<\/a><\/p>\n<p>&nbsp;<\/p>\n<p>Wir haben noch viel mehr Sommercamps im Angebot die sehr interessant sein k\u00f6nnten, das kann man auch gut mit Urlaub verbinden!<\/p>\n<p><strong>\u00a0<\/strong><\/p>\n<p>Euer Stefan<\/p>\n<p>&nbsp;<\/p>\n<p>&nbsp;<\/p>\n<p>&nbsp;<\/p>\n","protected":false},"excerpt":{"rendered":"<p>Warum muss es Bergen auf R\u00fcgen sein, warum nicht woanders. Weil es einfach Sommer ist und jeder Urlaub hat oder haben m\u00f6chte. Schon alleine R\u00fcgen sagt Urlaub, Sonne und Entspannung aus, deswegen veranstalten wir in Bergen das Sommercamp 2026 dort. Zur Familie geh\u00f6ren auch die Frau und Tochter oder Geschwister, die dann die M\u00f6glichkeit haben, [&hellip;]<\/p>\n","protected":false},"author":2,"featured_media":0,"parent":0,"menu_order":0,"comment_status":"open","ping_status":"closed","template":"page_with_sidebar.php","meta":{"_mc_calendar":[]},"_links":{"self":[{"href":"https:\/\/mxhoch3.de\/index.php?rest_route=\/wp\/v2\/pages\/1996"}],"collection":[{"href":"https:\/\/mxhoch3.de\/index.php?rest_route=\/wp\/v2\/pages"}],"about":[{"href":"https:\/\/mxhoch3.de\/index.php?rest_route=\/wp\/v2\/types\/page"}],"author":[{"embeddable":true,"href":"https:\/\/mxhoch3.de\/index.php?rest_route=\/wp\/v2\/users\/2"}],"replies":[{"embeddable":true,"href":"https:\/\/mxhoch3.de\/index.php?rest_route=%2Fwp%2Fv2%2Fcomments&post=1996"}],"version-history":[{"count":31,"href":"https:\/\/mxhoch3.de\/index.php?rest_route=\/wp\/v2\/pages\/1996\/revisions"}],"predecessor-version":[{"id":4071,"href":"https:\/\/mxhoch3.de\/index.php?rest_route=\/wp\/v2\/pages\/1996\/revisions\/4071"}],"wp:attachment":[{"href":"https:\/\/mxhoch3.de\/index.php?rest_route=%2Fwp%2Fv2%2Fmedia&parent=1996"}],"curies":[{"name":"wp","href":"https:\/\/api.w.org\/{rel}","templated":true}]}}

6 Tage Sommercamp 2026 auf Rügen

<p><a href="http://mxhoch3.de/wp-content/uploads/2013/05/ruegen.jpg" rel="lightbox[1996]"><img loading="lazy" src="http://mxhoch3.de/wp-content/uploads/2013/05/ruegen-300x200.jpg" alt="ruegen" width="300" height="200" /></a>Warum muss es Bergen auf Rügen sein, warum nicht woanders. Weil es einfach Sommer ist und jeder Urlaub hat oder haben möchte. Schon alleine Rügen sagt Urlaub, Sonne und Entspannung aus, deswegen veranstalten wir in Bergen das Sommercamp 2026 dort. Zur Familie gehören auch die Frau und Tochter oder Geschwister, die dann die Möglichkeit haben, die nahegelegene Ostsee zu genießen und ihre Schätze zu erleben. UND WIR können CROSSEN <img src="http://mxhoch3.de/wp-includes/images/smilies/icon_smile.gif" alt=":)" /> . 11 km bis zum Strand nach Pora an der Ostsee ist echt nicht viel. Jetzt aber zu den wichtigen Sachen: Wir<a href="http://mxhoch3.de/wp-content/uploads/2024/09/IMG-20240727-WA0002.jpg" rel="lightbox[1996]"><img loading="lazy" class="alignright size-medium wp-image-3783" src="http://mxhoch3.de/wp-content/uploads/2024/09/IMG-20240727-WA0002-225x300.jpg" alt="" width="225" height="300" srcset="https://mxhoch3.de/wp-content/uploads/2024/09/IMG-20240727-WA0002-225x300.jpg 225w, https://mxhoch3.de/wp-content/uploads/2024/09/IMG-20240727-WA0002-768x1024.jpg 768w, https://mxhoch3.de/wp-content/uploads/2024/09/IMG-20240727-WA0002.jpg 926w" sizes="(max-width: 225px) 100vw, 225px" /></a> haben die Strecke exklusiv für uns, Wasseranschluss und Strom sind auch vorhanden, sowie ein Waschplatz. Toiletten (Dixi), etwas zum Chemitoilette entsorgung,Bio-Chemie, Müllentsorgung und Duschen im Sanitärgebäude sind auch vorhanden. Geplant ist wie letztes Jahr auch neben dem Lehrgang etwas zu bieten. Am Mittwoch Nachmittag und Donnerstag ist Ruhetag und die Kartbahn oder andere schöne Unternehmungen sorgen für die nötige Abwechslung um gedanklich alles mal zu verarbeiten und am Freitag weiter Neues aufzunehmen! Trainiert wird Montag, Dienstag und Freitag von 9Uhr bis 18 Uhr und Mitwoch /Samstag 9Uhr bis 13 Uhr können wir die Strecke unsicher machen. 2 Stunden Mittagspause müssen aber eingehalten werden, was <a href="http://mxhoch3.de/wp-content/uploads/2015/10/20150807_140304_resized.jpg" rel="lightbox[1996]"><img loading="lazy" class="alignright" src="http://mxhoch3.de/wp-content/uploads/2015/10/20150807_140304_resized-300x168.jpg" alt="20150807_140304_resized" width="300" height="168" /></a>uns aber die Kraft für den Nachmittag gibt.</p>
<p>Das Training wird eurem Level angeglichen und in Gruppen im Wechsel trainiert. Pro Gruppe sollten es nicht mehr als 11 Teilnehmer sein, um auch auf jeden einzelnen Teilnehmer richtig eingehen zu können! Genauso wird drauf geachtet, dass Ihr nicht an euer konditionelles Limit geht und nach dem ersten Tag schlapp macht! Es wird von Grund auf kontrolliert, dass ihr die richtige Postion auf den Motorrad habt, um von da aus mehr an eurer Technik zu feilen. 6 Tage sind nach Meinung der Teilnehmer die beste Länge um was zu lernen und es wurden dort die besten Erfolge bei jedem festgestellt.</p>
<p>Zielgruppe sind Kinder, Judendliche und Erwachsene, weil wir ja auf mehrere Gruppen hoffen und das Level besser anzugleichen.</p>
<p><a href="http://mxhoch3.de/wp-content/uploads/2024/09/IMG-20240727-WA0001.jpg" rel="lightbox[1996]"><img loading="lazy" class="size-medium wp-image-3781 alignleft" src="http://mxhoch3.de/wp-content/uploads/2024/09/IMG-20240727-WA0001-300x225.jpg" alt="" width="300" height="225" srcset="https://mxhoch3.de/wp-content/uploads/2024/09/IMG-20240727-WA0001-300x225.jpg 300w, https://mxhoch3.de/wp-content/uploads/2024/09/IMG-20240727-WA0001-1024x768.jpg 1024w, https://mxhoch3.de/wp-content/uploads/2024/09/IMG-20240727-WA0001-768x576.jpg 768w, https://mxhoch3.de/wp-content/uploads/2024/09/IMG-20240727-WA0001-1536x1152.jpg 1536w, https://mxhoch3.de/wp-content/uploads/2024/09/IMG-20240727-WA0001.jpg 1600w" sizes="(max-width: 300px) 100vw, 300px" /></a>Bei erhöhter Teilnehmerzahl wird noch ein zweiter Trainer dazu genommen um das Trainingsniveau zu halten.</p>
<p><strong>Kosten belaufen sich auf 330€</strong>, inklusive Training, Fahrerlager, Erlebnismittwoch und Kleinigkeiten. Exkusiv sind Strom, Wasser, Strecke und Co-Trainer, hier wird die Pauschale von <strong>220€ vor Ort in Bar</strong> eingesammelt.</p>
<p>Änderungen:</p>
<p><a href="http://mxhoch3.de/wp-content/uploads/2024/09/20240724_115123-scaled.jpg" rel="lightbox[1996]"><img loading="lazy" class="alignleft size-medium wp-image-3782" src="http://mxhoch3.de/wp-content/uploads/2024/09/20240724_115123-300x225.jpg" alt="" width="300" height="225" srcset="https://mxhoch3.de/wp-content/uploads/2024/09/20240724_115123-300x225.jpg 300w, https://mxhoch3.de/wp-content/uploads/2024/09/20240724_115123-1024x768.jpg 1024w, https://mxhoch3.de/wp-content/uploads/2024/09/20240724_115123-768x576.jpg 768w, https://mxhoch3.de/wp-content/uploads/2024/09/20240724_115123-1536x1152.jpg 1536w, https://mxhoch3.de/wp-content/uploads/2024/09/20240724_115123-2048x1536.jpg 2048w" sizes="(max-width: 300px) 100vw, 300px" /></a>&#8211; keine Extra Kosten für Begleitpersonen</p>
<p>&#8211; insgesamt 6 Tage um mehr Spielraum zu haben bei schlechten Wetter</p>
<p>&#8211; Streckenbewässerung wird von Stefan organisiert/ bessere Bewässerung</p>
<p>&#8211; Entleerung der Toiletten wird von Stefan organisiert/ bessere Hygiene</p>
<p>-Video-Auswertung abends Montag/Dienstag/Freitag</p>
<p>Termine für 2026:</p>
<p>&nbsp;</p>
<p>27.7. bis 1.8.        Rügen &#8222;Der Erste&#8220;    <a href="https://forms.gle/dLrEzqbPMupoRkw17">&gt;&gt;&gt;hier geht es zur Anmeldung&lt;&lt;&lt; </a></p>
<p>&nbsp;</p>
<p>3.8. bis 8.8.         Rügen &#8222;Der Zweite&#8220;  <a href="https://forms.gle/SVAEdyGBa34i2NMb7">&gt;&gt;&gt;hier geht es zur Anmeldung&lt;&lt;&lt;</a></p>
<p>&nbsp;</p>
<p>Wir haben noch viel mehr Sommercamps im Angebot die sehr interessant sein könnten, das kann man auch gut mit Urlaub verbinden!</p>
<p><strong> </strong></p>
<p>Euer Stefan</p>
<p>&nbsp;</p>
<p>&nbsp;</p>
<p>&nbsp;</p>

<p>Warum muss es Bergen auf Rügen sein, warum nicht woanders. Weil es einfach Sommer ist und jeder Urlaub hat oder haben möchte. Schon alleine Rügen sagt Urlaub, Sonne und Entspannung aus, deswegen veranstalten wir in Bergen das Sommercamp 2026 dort. Zur Familie gehören auch die Frau und Tochter oder Geschwister, die dann die Möglichkeit haben, [&hellip;]</p>
