{"id":3245,"date":"2022-03-14T11:59:21","date_gmt":"2022-03-14T11:59:21","guid":{"rendered":"http:\/\/mxhoch3.de\/?page_id=3245"},"modified":"2022-03-14T12:00:07","modified_gmt":"2022-03-14T12:00:07","slug":"3-tage-pfingstlehrgang-in-lehesten","status":"publish","type":"page","link":"https:\/\/mxhoch3.de\/?page_id=3245","title":{"rendered":"3 Tage Pfingstlehrgang in Lehesten"},"content":{"rendered":"<p><a href=\"http:\/\/mxhoch3.de\/wp-content\/uploads\/2022\/03\/Lehesten.jpg\" rel=\"lightbox[3245]\"><img loading=\"lazy\" class=\"size-medium wp-image-3243 alignright\" src=\"http:\/\/mxhoch3.de\/wp-content\/uploads\/2022\/03\/Lehesten-300x200.jpg\" alt=\"\" width=\"300\" height=\"200\" srcset=\"https:\/\/mxhoch3.de\/wp-content\/uploads\/2022\/03\/Lehesten-300x200.jpg 300w, https:\/\/mxhoch3.de\/wp-content\/uploads\/2022\/03\/Lehesten.jpg 640w\" sizes=\"(max-width: 300px) 100vw, 300px\" \/><\/a>Dieses Jahr gehen wir in den Pfingstferien nach Lehesten, ich hoffe mal das es nicht so nass wird wie letztes Jahr. Die Strecke hat viele Charakter mit verschiedenen Spr\u00fcngen, lange und enge Kurven, Berg Auf-und Abfahrten. 3 Tage bieten uns auf jeden einzugehen und eure W\u00fcnsche umzusetzen. Die Strecke liegt im S\u00fcden Th\u00fcringens und f\u00fcr alle gut erreichbar. Auch abends habe ich ein Special organisiert, neben der Videoauswertung. Der Lehrgang geht 3 Tage von Dienstag bis Donnerstag. Montag ist die Anreise schon m\u00f6glich!<\/p>\n<p>Lehesten vom 7. bis 9. Juni<a href=\"http:\/\/mxhoch3.de\/wp-content\/uploads\/2022\/03\/lehesten-2.jpg\" rel=\"lightbox[3245]\"><img loading=\"lazy\" class=\"size-medium wp-image-3244 alignright\" src=\"http:\/\/mxhoch3.de\/wp-content\/uploads\/2022\/03\/lehesten-2-300x300.jpg\" alt=\"\" width=\"300\" height=\"300\" srcset=\"https:\/\/mxhoch3.de\/wp-content\/uploads\/2022\/03\/lehesten-2-300x300.jpg 300w, https:\/\/mxhoch3.de\/wp-content\/uploads\/2022\/03\/lehesten-2-1024x1024.jpg 1024w, https:\/\/mxhoch3.de\/wp-content\/uploads\/2022\/03\/lehesten-2-150x150.jpg 150w, https:\/\/mxhoch3.de\/wp-content\/uploads\/2022\/03\/lehesten-2-768x768.jpg 768w, https:\/\/mxhoch3.de\/wp-content\/uploads\/2022\/03\/lehesten-2.jpg 1200w\" sizes=\"(max-width: 300px) 100vw, 300px\" \/><\/a><\/p>\n<blockquote><p><a href=\"http:\/\/mxhoch3.de\/wp-content\/uploads\/2022\/03\/Ausschreibung-Pfingsten-Lehesten-2022.doc\">&gt;&gt;hier geht es zur Anmeldung&lt;&lt;&lt;<\/a><\/p><\/blockquote>\n<p>ride on Stefan<\/p>\n","protected":false},"excerpt":{"rendered":"<p>Dieses Jahr gehen wir in den Pfingstferien nach Lehesten, ich hoffe mal das es nicht so nass wird wie letztes Jahr. Die Strecke hat viele Charakter mit verschiedenen Spr\u00fcngen, lange und enge Kurven, Berg Auf-und Abfahrten. 3 Tage bieten uns auf jeden einzugehen und eure W\u00fcnsche umzusetzen. Die Strecke liegt im S\u00fcden Th\u00fcringens und f\u00fcr [&hellip;]<\/p>\n","protected":false},"author":2,"featured_media":0,"parent":0,"menu_order":0,"comment_status":"closed","ping_status":"closed","template":"page_with_sidebar.php","meta":{"_mc_calendar":[]},"_links":{"self":[{"href":"https:\/\/mxhoch3.de\/index.php?rest_route=\/wp\/v2\/pages\/3245"}],"collection":[{"href":"https:\/\/mxhoch3.de\/index.php?rest_route=\/wp\/v2\/pages"}],"about":[{"href":"https:\/\/mxhoch3.de\/index.php?rest_route=\/wp\/v2\/types\/page"}],"author":[{"embeddable":true,"href":"https:\/\/mxhoch3.de\/index.php?rest_route=\/wp\/v2\/users\/2"}],"replies":[{"embeddable":true,"href":"https:\/\/mxhoch3.de\/index.php?rest_route=%2Fwp%2Fv2%2Fcomments&post=3245"}],"version-history":[{"count":3,"href":"https:\/\/mxhoch3.de\/index.php?rest_route=\/wp\/v2\/pages\/3245\/revisions"}],"predecessor-version":[{"id":3248,"href":"https:\/\/mxhoch3.de\/index.php?rest_route=\/wp\/v2\/pages\/3245\/revisions\/3248"}],"wp:attachment":[{"href":"https:\/\/mxhoch3.de\/index.php?rest_route=%2Fwp%2Fv2%2Fmedia&parent=3245"}],"curies":[{"name":"wp","href":"https:\/\/api.w.org\/{rel}","templated":true}]}}

<p><a href="http://mxhoch3.de/wp-content/uploads/2022/03/Lehesten.jpg" rel="lightbox[3245]"><img loading="lazy" class="size-medium wp-image-3243 alignright" src="http://mxhoch3.de/wp-content/uploads/2022/03/Lehesten-300x200.jpg" alt="" width="300" height="200" srcset="https://mxhoch3.de/wp-content/uploads/2022/03/Lehesten-300x200.jpg 300w, https://mxhoch3.de/wp-content/uploads/2022/03/Lehesten.jpg 640w" sizes="(max-width: 300px) 100vw, 300px" /></a>Dieses Jahr gehen wir in den Pfingstferien nach Lehesten, ich hoffe mal das es nicht so nass wird wie letztes Jahr. Die Strecke hat viele Charakter mit verschiedenen Sprüngen, lange und enge Kurven, Berg Auf-und Abfahrten. 3 Tage bieten uns auf jeden einzugehen und eure Wünsche umzusetzen. Die Strecke liegt im Süden Thüringens und für alle gut erreichbar. Auch abends habe ich ein Special organisiert, neben der Videoauswertung. Der Lehrgang geht 3 Tage von Dienstag bis Donnerstag. Montag ist die Anreise schon möglich!</p>
<p>Lehesten vom 7. bis 9. Juni<a href="http://mxhoch3.de/wp-content/uploads/2022/03/lehesten-2.jpg" rel="lightbox[3245]"><img loading="lazy" class="size-medium wp-image-3244 alignright" src="http://mxhoch3.de/wp-content/uploads/2022/03/lehesten-2-300x300.jpg" alt="" width="300" height="300" srcset="https://mxhoch3.de/wp-content/uploads/2022/03/lehesten-2-300x300.jpg 300w, https://mxhoch3.de/wp-content/uploads/2022/03/lehesten-2-1024x1024.jpg 1024w, https://mxhoch3.de/wp-content/uploads/2022/03/lehesten-2-150x150.jpg 150w, https://mxhoch3.de/wp-content/uploads/2022/03/lehesten-2-768x768.jpg 768w, https://mxhoch3.de/wp-content/uploads/2022/03/lehesten-2.jpg 1200w" sizes="(max-width: 300px) 100vw, 300px" /></a></p>
<blockquote><p><a href="http://mxhoch3.de/wp-content/uploads/2022/03/Ausschreibung-Pfingsten-Lehesten-2022.doc">&gt;&gt;hier geht es zur Anmeldung&lt;&lt;&lt;</a></p></blockquote>
<p>ride on Stefan</p>

<p>Dieses Jahr gehen wir in den Pfingstferien nach Lehesten, ich hoffe mal das es nicht so nass wird wie letztes Jahr. Die Strecke hat viele Charakter mit verschiedenen Sprüngen, lange und enge Kurven, Berg Auf-und Abfahrten. 3 Tage bieten uns auf jeden einzugehen und eure Wünsche umzusetzen. Die Strecke liegt im Süden Thüringens und für [&hellip;]</p>
